 the ten millions digit of 79396893?
7
What is the ten millions digit of 12238278?
1
What is the tens digit of 101009809?
0
What is the millions digit of 9752768?
9
What is the thousands digit of 3292714372?
4
What is the ten thousands digit of 102763587?
6
What is the millions digit of 5175321918?
5
What is the millions digit of 1203528846?
3
What is the hundred thousands digit of 94112243?
1
What is the billions digit of 2401360393?
2
What is the hundred millions digit of 2782623191?
7
What is the hundreds digit of 7117730?
7
What is the ten millions digit of 145446881?
4
What is the billions digit of 1978216069?
1
What is the hundred millions digit of 741620901?
7
What is the hundreds digit of 2048604389?
3
What is the hundreds digit of 302468455?
4
What is the hundreds digit of 316976563?
5
What is the tens digit of 28478676?
7
What is the millions digit of 5849863763?
9
What is the hundred thousands digit of 603158447?
1
What is the tens digit of 4300749130?
3
What is the units digit of 34356222?
2
What is the units digit of 1697729767?
7
What is the billions digit of 2004689733?
2
What is the units digit of 1933673674?
4
What is the ten thousands digit of 194780339?
8
What is the units digit of 22836547?
7
What is the ten thousands digit of 131129743?
2
What is the ten millions digit of 11783116?
1
What is the hundreds digit of 820045295?
2
What is the hundreds digit of 385056514?
5
What is the hundred thousands digit of 147984040?
9
What is the thousands digit of 127142756?
2
What is the millions digit of 169355711?
9
What is the ten millions digit of 901631030?
0
What is the hundred millions digit of 879646230?
8
What is the thousands digit of 244794308?
4
What is the ten thousands digit of 10273303?
7
What is the ten millions digit of 3332441064?
3
What is the tens digit of 72607113?
1
What is the tens digit of 6051522?
2
What is the units digit of 35252428?
8
What is the thousands digit of 99925963?
5
What is the thousands digit of 30207417?
7
What is the hundred thousands digit of 884150348?
1
What is the hundreds digit of 12814405?
4
What is the tens digit of 4614371?
7
What is the units digit of 4243151714?
4
What is the hundred millions digit of 705833465?
7
What is the millions digit of 4660652231?
0
What is the units digit of 8344978105?
5
What is the ten thousands digit of 19096975?
9
What is the ten thousands digit of 1955406787?
0
What is the units digit of 449549701?
1
What is the thousands digit of 780146029?
6
What is the hundred thousands digit of 2573551749?
5
What is the ten thousands digit of 6006837490?
3
What is the units digit of 641078823?
3
What is the thousands digit of 387632057?
2
What is the ten thousands digit of 31827933?
2
What is the ten thousands digit of 64955138?
5
What is the hundreds digit of 3379264949?
9
What is the ten thousands digit of 10965863?
6
What is the thousands digit of 28875193?
5
What is the hundred thousands digit of 1612486755?
4
What is the thousands digit of 126458877?
8
What is the tens digit of 20753017?
1
What is the ten thousands digit of 3785875457?
7
What is the ten millions digit of 550598154?
5
What is the hundreds digit of 78999532?
5
What is the tens digit of 3659152?
5
What is the units digit of 2257646608?
8
What is the thousands digit of 1045087130?
7
What is the thousands digit of 207177522?
7
What is the units digit of 24411308?
8
What is the hundreds digit of 357608175?
1
What is the millions digit of 1677098733?
7
What is the units digit of 3500779?
9
What is the thousands digit of 1436956785?
6
What is the units digit of 4641119?
9
What is the hundred thousands digit of 58521229?
5
What is the ten millions digit of 50699738?
5
What is the ten thousands digit of 2130753241?
5
What is the ten millions digit of 17850300?
1
What is the hundred thousands digit of 87333883?
3
What is the hundred thousands digit of 164616994?
6
What is the tens digit of 17368576?
7
What is the hundreds digit of 2383388480?
4
What is the tens digit of 405443413?
1
What is the ten millions digit of 682165219?
8
What is the hundreds digit of 114814855?
8
What is the billions digit of 1288724209?
1
What is the hundreds digit of 535483781?
7
What is the thousands digit of 3661071873?
1
What is the hundred millions digit of 2368857195?
3
What is the millions digit of 58875623?
8
What is the hundred thousands digit of 29323181?
3
What is the ten millions digit of 84954975?
8
What is the hundred millions digit of 1607986924?
6
What is the ten thousands digit of 18530633?
3
What is the units digit of 118313665?
5
What is the thousands digit of 247205699?
5
What is the billions digit of 1079213489?
1
What is the units digit of 103082065?
5
What is the billions digit of 2689694398?
2
What is the hundred millions digit of 138037218?
1
What is the millions digit of 206854248?
6
What is the millions digit of 768408955?
8
What is the thousands digit of 2800244222?
4
What is the hundred millions digit of 916767692?
9
What is the tens digit of 996151630?
3
What is the hundreds digit of 15040510?
5
What is the tens digit of 1084399340?
4
What is the hundreds digit of 1463449274?
2
What is the hundreds digit of 519946438?
4
What is the thousands digit of 27855216?
5
What is the units digit of 7195620?
0
What is the ten millions digit of 2679872082?
7
What is the millions digit of 2172795022?
2
What is the hundred millions digit of 298386261?
2
What is the units digit of 1401756085?
5
What is the hundred thousands digit of 708306387?
3
What is the hundreds digit of 37208398?
3
What is the tens digit of 374800757?
5
What is the hundreds digit of 520108269?
2
What is the thousands digit of 17698780?
8
What is the ten millions digit of 201263200?
0
What is the hundred thousands digit of 17552733?
5
What is the units digit of 1281322730?
0
What is the ten millions digit of 31006116?
3
What is the units digit of 557664803?
3
What is the ten thousands digit of 9172729?
7
What is the ten millions digit of 1395282412?
9
What is the ten millions digit of 194159132?
9
What is the hundred thousands digit of 1336037390?
0
What is the hundred thousands digit of 132921162?
9
What is the hundred millions digit of 773172262?
7
What is the ten millions digit of 88893069?
8
What is the millions digit of 438280189?
8
What is the ten thousands digit of 46715741?
1
What is the hundred millions digit of 274484208?
2
What is the units digit of 351262?
2
What is the thousands digit of 2613388553?
8
What is the ten millions digit of 108813237?
0
What is the tens digit of 811656536?
3
What is the thousands digit of 112542039?
2
What is the thousands digit of 154377151?
7
What is the thousands digit of 90133616?
3
What is the units digit of 24932208?
8
What is the hundreds digit of 1676086?
0
What is the tens digit of 24720277?
7
What is the hundreds digit of 3676263453?
4
What is the hundred thousands digit of 42256345?
2
What is the hundred thousands digit of 648092986?
0
What is the hundred millions digit of 1320707165?
3
What is the units digit of 459424081?
1
What is the hundred thousands digit of 425369448?
3
What is the hundred thousands digit of 108140011?
1
What is the tens digit of 771620862?
6
What is the tens digit of 1394577945?
4
What is the units digit of 6386674626?
6
What is the hundreds digit of 445717254?
2
What is the tens digit of 639247992?
9
What is the thousands digit of 74921087?
1
What is the ten millions digit of 220082272?
2
What is the ten millions digit of 23882193?
2
What is the tens digit of 2760838574?
7
What is the hundred millions digit of 213659496?
2
What is the millions digit of 477257731?
7
What is the units digit of 1772608873?
3
What is the thousands digit of 939387439?
7
What is the hundred thousands digit of 66214954?
2
What is the ten millions digit of 1566193883?
6
What is the units digit of 1587540064?
4
What is the hundreds digit of 113797798?
7
What is the millions digit of 681552001?
1
What is the ten millions digit of 212429905?
1
What is the hundreds digit of 728155354?
3
What is the ten millions digit of 74266758?
7
What is the thousands digit of 936779346?
9
What is the ten millions digit of 586579165?
8
What is the hundreds digit of 17367240?
2
What is the hundreds digit of 1